{"id":2127,"date":"2024-06-26T13:22:13","date_gmt":"2024-06-26T11:22:13","guid":{"rendered":"https:\/\/azurix.fr\/?page_id=2127"},"modified":"2025-05-07T17:47:15","modified_gmt":"2025-05-07T15:47:15","slug":"charte-qualite","status":"publish","type":"page","link":"https:\/\/azurix.fr\/cuisine\/charte-qualite\/","title":{"rendered":"Charte qualit\u00e9"},"content":{"rendered":"\t\t<div data-elementor-type=\"wp-page\" data-elementor-id=\"2127\" class=\"elementor elementor-2127\">\n\t\t\t\t<div class=\"elementor-element elementor-element-0dcce5d e-flex e-con-boxed e-con e-parent\" data-id=\"0dcce5d\" data-element_type=\"container\" data-settings=\"{&quot;background_background&quot;:&quot;classic&quot;}\">\n\t\t\t\t\t<div class=\"e-con-inner\">\n\t\t<div class=\"elementor-element elementor-element-c6b41cb e-con-full e-flex e-con e-child\" data-id=\"c6b41cb\" data-element_type=\"container\" data-settings=\"{&quot;background_background&quot;:&quot;classic&quot;}\">\n\t\t<div class=\"elementor-element elementor-element-578c880 e-flex e-con-boxed e-con e-child\" data-id=\"578c880\" data-element_type=\"container\">\n\t\t\t\t\t<div class=\"e-con-inner\">\n\t\t\t\t<div class=\"elementor-element elementor-element-94d80a0 elementor-widget elementor-widget-spacer\" data-id=\"94d80a0\" data-element_type=\"widget\" data-widget_type=\"spacer.default\">\n\t\t\t\t<div class=\"elementor-widget-container\">\n\t\t\t\t\t\t\t<div class=\"elementor-spacer\">\n\t\t\t<div class=\"elementor-spacer-inner\"><\/div>\n\t\t<\/div>\n\t\t\t\t\t\t<\/div>\n\t\t\t\t<\/div>\n\t\t\t\t<div class=\"elementor-element elementor-element-7461dd6 elementor-widget elementor-widget-heading\" data-id=\"7461dd6\" data-element_type=\"widget\" data-widget_type=\"heading.default\">\n\t\t\t\t<div class=\"elementor-widget-container\">\n\t\t\t\t\t<h1 class=\"elementor-heading-title elementor-size-default\">Charte qualit\u00e9 Azurix pour la pose de votre cuisine<\/h1>\t\t\t\t<\/div>\n\t\t\t\t<\/div>\n\t\t\t\t<div class=\"elementor-element elementor-element-45de3d4 elementor-widget elementor-widget-text-editor\" data-id=\"45de3d4\" data-element_type=\"widget\" data-widget_type=\"text-editor.default\">\n\t\t\t\t<div class=\"elementor-widget-container\">\n\t\t\t\t\t\t\t\t\t<p><span style=\"font-weight: 400;\">Chez Azurix, la r\u00e9novation et la <\/span><b>pose de votre cuisine \u00e0 Paris <\/b><span style=\"font-weight: 400;\">est synonyme de qualit\u00e9, d&rsquo;expertise et de s\u00e9r\u00e9nit\u00e9. Nous sommes conscients que votre cuisine est le c\u0153ur de votre maison, un lieu de vie et de partage. C&rsquo;est pourquoi nous mettons tout en \u0153uvre pour vous offrir un service sur-mesure et irr\u00e9prochable, \u00e0 la hauteur de vos attentes.<\/span><\/p>\t\t\t\t\t\t\t\t<\/div>\n\t\t\t\t<\/div>\n\t\t\t\t<div class=\"elementor-element elementor-element-043f3ec elementor-widget elementor-widget-spacer\" data-id=\"043f3ec\" data-element_type=\"widget\" data-widget_type=\"spacer.default\">\n\t\t\t\t<div class=\"elementor-widget-container\">\n\t\t\t\t\t\t\t<div class=\"elementor-spacer\">\n\t\t\t<div class=\"elementor-spacer-inner\"><\/div>\n\t\t<\/div>\n\t\t\t\t\t\t<\/div>\n\t\t\t\t<\/div>\n\t\t\t\t<div class=\"elementor-element elementor-element-adc535d elementor-widget-tablet__width-inherit elementor-widget elementor-widget-heading\" data-id=\"adc535d\" data-element_type=\"widget\" data-widget_type=\"heading.default\">\n\t\t\t\t<div class=\"elementor-widget-container\">\n\t\t\t\t\t<h2 class=\"elementor-heading-title elementor-size-default\">Nos engagements qualit\u00e9 pour votre cuisine \u00e0 Paris <\/h2>\t\t\t\t<\/div>\n\t\t\t\t<\/div>\n\t\t\t\t<div class=\"elementor-element elementor-element-efc8a59 elementor-widget elementor-widget-spacer\" data-id=\"efc8a59\" data-element_type=\"widget\" data-widget_type=\"spacer.default\">\n\t\t\t\t<div class=\"elementor-widget-container\">\n\t\t\t\t\t\t\t<div class=\"elementor-spacer\">\n\t\t\t<div class=\"elementor-spacer-inner\"><\/div>\n\t\t<\/div>\n\t\t\t\t\t\t<\/div>\n\t\t\t\t<\/div>\n\t\t<div class=\"elementor-element elementor-element-8f8310e e-grid e-con-full e-con e-child\" data-id=\"8f8310e\" data-element_type=\"container\">\n\t\t\t\t<div class=\"elementor-element elementor-element-98e4d8a elementor-widget elementor-widget-text-editor\" data-id=\"98e4d8a\" data-element_type=\"widget\" data-widget_type=\"text-editor.default\">\n\t\t\t\t<div class=\"elementor-widget-container\">\n\t\t\t\t\t\t\t\t\t<p><b>Des artisans qualifi\u00e9s et passionn\u00e9s<\/b><\/p><p><span style=\"font-weight: 400;\">Notre \u00e9quipe est compos\u00e9e d&rsquo;artisans menuisiers, cuisinistes, carreleurs, plombiers et \u00e9lectriciens exp\u00e9riment\u00e9s, tous anim\u00e9s par la m\u00eame passion : celle de cr\u00e9er des cuisines d&rsquo;exception. Ils poss\u00e8dent une parfaite ma\u00eetrise des techniques de pose et d&rsquo;installation, et sont soucieux du d\u00e9tail pour vous garantir une finition irr\u00e9prochable.<\/span><\/p>\t\t\t\t\t\t\t\t<\/div>\n\t\t\t\t<\/div>\n\t\t\t\t<div class=\"elementor-element elementor-element-a321009 elementor-widget elementor-widget-text-editor\" data-id=\"a321009\" data-element_type=\"widget\" data-widget_type=\"text-editor.default\">\n\t\t\t\t<div class=\"elementor-widget-container\">\n\t\t\t\t\t\t\t\t\t<p><b>Un suivi de chantier rigoureux<\/b><\/p><p><span style=\"font-weight: 400;\">Un chef de projet d\u00e9di\u00e9 assure le suivi de votre chantier de A \u00e0 Z, pour garantir une parfaite coordination des travaux. Vous serez r\u00e9guli\u00e8rement inform\u00e9s de l&rsquo;avanc\u00e9e du chantier et pourrez toujours contacter votre chef de projet pour toute question ou demande.<\/span><\/p>\t\t\t\t\t\t\t\t<\/div>\n\t\t\t\t<\/div>\n\t\t\t\t<\/div>\n\t\t<div class=\"elementor-element elementor-element-c755468 e-grid e-con-full e-con e-child\" data-id=\"c755468\" data-element_type=\"container\">\n\t\t\t\t<div class=\"elementor-element elementor-element-0ade1ff elementor-widget elementor-widget-text-editor\" data-id=\"0ade1ff\" data-element_type=\"widget\" data-widget_type=\"text-editor.default\">\n\t\t\t\t<div class=\"elementor-widget-container\">\n\t\t\t\t\t\t\t\t\t<p><b>Transparence et respect de votre budget <\/b><\/p><p><span style=\"font-weight: 400;\">D\u00e8s le d\u00e9part, nous \u00e9tablissons un devis d\u00e9taill\u00e9 et transparent, qui comprend l&rsquo;ensemble des prestations et des mat\u00e9riaux utilis\u00e9s. Vous avez ainsi une vision claire du co\u00fbt total de votre projet et \u00e9vitez les mauvaises surprises. Nous nous engageons \u00e0 respecter votre budget et \u00e0 vous proposer des solutions adapt\u00e9es \u00e0 vos besoins et \u00e0 vos moyens.<\/span><\/p>\t\t\t\t\t\t\t\t<\/div>\n\t\t\t\t<\/div>\n\t\t\t\t<div class=\"elementor-element elementor-element-89f8182 elementor-widget elementor-widget-text-editor\" data-id=\"89f8182\" data-element_type=\"widget\" data-widget_type=\"text-editor.default\">\n\t\t\t\t<div class=\"elementor-widget-container\">\n\t\t\t\t\t\t\t\t\t<p><b>Un service client irr\u00e9prochable<\/b><\/p><p><span style=\"font-weight: 400;\">Votre satisfaction est notre priorit\u00e9 absolue. Nous sommes \u00e0 votre \u00e9coute avant, pendant et apr\u00e8s la r\u00e9alisation de votre projet, pour r\u00e9pondre \u00e0 toutes vos questions et vous accompagner dans chaque \u00e9tape de votre r\u00e9novation. Notre objectif est de vous offrir une exp\u00e9rience client irr\u00e9prochable et de faire de votre projet cuisine une r\u00e9ussite totale.<\/span><\/p>\t\t\t\t\t\t\t\t<\/div>\n\t\t\t\t<\/div>\n\t\t\t\t<\/div>\n\t\t\t\t<div class=\"elementor-element elementor-element-c70243d elementor-widget elementor-widget-text-editor\" data-id=\"c70243d\" data-element_type=\"widget\" data-widget_type=\"text-editor.default\">\n\t\t\t\t<div class=\"elementor-widget-container\">\n\t\t\t\t\t\t\t\t\t<p><span style=\"font-weight: 400;\">Votre satisfaction est notre priorit\u00e9 absolue. Nous mettons tout en \u0153uvre pour vous offrir une exp\u00e9rience client irr\u00e9prochable et nous nous engageons \u00e0 vous garantir un r\u00e9sultat final \u00e0 la hauteur de vos attentes.<\/span><\/p>\t\t\t\t\t\t\t\t<\/div>\n\t\t\t\t<\/div>\n\t\t\t\t<div class=\"elementor-element elementor-element-36448f7 elementor-widget elementor-widget-spacer\" data-id=\"36448f7\" data-element_type=\"widget\" data-widget_type=\"spacer.default\">\n\t\t\t\t<div class=\"elementor-widget-container\">\n\t\t\t\t\t\t\t<div class=\"elementor-spacer\">\n\t\t\t<div class=\"elementor-spacer-inner\"><\/div>\n\t\t<\/div>\n\t\t\t\t\t\t<\/div>\n\t\t\t\t<\/div>\n\t\t\t\t<div class=\"elementor-element elementor-element-1fe3b4c elementor-widget-tablet__width-inherit elementor-widget elementor-widget-heading\" data-id=\"1fe3b4c\" data-element_type=\"widget\" data-widget_type=\"heading.default\">\n\t\t\t\t<div class=\"elementor-widget-container\">\n\t\t\t\t\t<h2 class=\"elementor-heading-title elementor-size-default\">Nos valeurs<\/h2>\t\t\t\t<\/div>\n\t\t\t\t<\/div>\n\t\t\t\t<div class=\"elementor-element elementor-element-bca9667 elementor-widget elementor-widget-spacer\" data-id=\"bca9667\" data-element_type=\"widget\" data-widget_type=\"spacer.default\">\n\t\t\t\t<div class=\"elementor-widget-container\">\n\t\t\t\t\t\t\t<div class=\"elementor-spacer\">\n\t\t\t<div class=\"elementor-spacer-inner\"><\/div>\n\t\t<\/div>\n\t\t\t\t\t\t<\/div>\n\t\t\t\t<\/div>\n\t\t<div class=\"elementor-element elementor-element-da03439 e-grid e-con-full e-con e-child\" data-id=\"da03439\" data-element_type=\"container\">\n\t\t\t\t<div class=\"elementor-element elementor-element-5fde389 elementor-widget elementor-widget-text-editor\" data-id=\"5fde389\" data-element_type=\"widget\" data-widget_type=\"text-editor.default\">\n\t\t\t\t<div class=\"elementor-widget-container\">\n\t\t\t\t\t\t\t\t\t<p><b>Rigueur<\/b><\/p><p><span style=\"font-weight: 400;\">Nous r\u00e9alisons vos travaux de r\u00e9novation de cuisine dans les r\u00e8gles de l&rsquo;art, avec pr\u00e9cision et minutie.<\/span><\/p>\t\t\t\t\t\t\t\t<\/div>\n\t\t\t\t<\/div>\n\t\t\t\t<div class=\"elementor-element elementor-element-bc79ed5 elementor-widget elementor-widget-text-editor\" data-id=\"bc79ed5\" data-element_type=\"widget\" data-widget_type=\"text-editor.default\">\n\t\t\t\t<div class=\"elementor-widget-container\">\n\t\t\t\t\t\t\t\t\t<p><b>Qualit\u00e9<\/b><\/p><p><span style=\"font-weight: 400;\">La qualit\u00e9 est notre priorit\u00e9 pour vous permettre d&rsquo;avoir une cuisine durable et agr\u00e9able \u00e0 vivre.<\/span><\/p>\t\t\t\t\t\t\t\t<\/div>\n\t\t\t\t<\/div>\n\t\t\t\t<div class=\"elementor-element elementor-element-1e0d9e5 elementor-widget elementor-widget-text-editor\" data-id=\"1e0d9e5\" data-element_type=\"widget\" data-widget_type=\"text-editor.default\">\n\t\t\t\t<div class=\"elementor-widget-container\">\n\t\t\t\t\t\t\t\t\t<p><b>Transparence<\/b><\/p><p><span style=\"font-weight: 400;\">Nous communiquons clairement avec vous tout au long du projet et vous garantissons un devis d\u00e9taill\u00e9 et transparent.<\/span><\/p>\t\t\t\t\t\t\t\t<\/div>\n\t\t\t\t<\/div>\n\t\t\t\t<div class=\"elementor-element elementor-element-6bcf0b1 elementor-widget elementor-widget-text-editor\" data-id=\"6bcf0b1\" data-element_type=\"widget\" data-widget_type=\"text-editor.default\">\n\t\t\t\t<div class=\"elementor-widget-container\">\n\t\t\t\t\t\t\t\t\t<p><b>Sur-mesure<\/b><\/p><p><span style=\"font-weight: 400;\">Nous nous adaptons \u00e0 vos besoins, votre budget, vos go\u00fbts et votre style de vie pour cr\u00e9er une cuisine unique qui vous correspond parfaitement.<\/span><\/p>\t\t\t\t\t\t\t\t<\/div>\n\t\t\t\t<\/div>\n\t\t\t\t<\/div>\n\t\t\t\t<div class=\"elementor-element elementor-element-088c2e3 elementor-widget-tablet__width-inherit elementor-widget elementor-widget-heading\" data-id=\"088c2e3\" data-element_type=\"widget\" data-widget_type=\"heading.default\">\n\t\t\t\t<div class=\"elementor-widget-container\">\n\t\t\t\t\t<h2 class=\"elementor-heading-title elementor-size-default\">Azurix : Votre partenaire de confiance pour la r\u00e9novation de votre cuisine \u00e0 Paris<\/h2>\t\t\t\t<\/div>\n\t\t\t\t<\/div>\n\t\t\t\t<div class=\"elementor-element elementor-element-1157af3 elementor-widget elementor-widget-text-editor\" data-id=\"1157af3\" data-element_type=\"widget\" data-widget_type=\"text-editor.default\">\n\t\t\t\t<div class=\"elementor-widget-container\">\n\t\t\t\t\t\t\t\t\t<p><span style=\"font-weight: 400;\">Contactez-nous d\u00e8s aujourd&rsquo;hui pour un devis gratuit et personnalis\u00e9. Nous serons ravis de vous rencontrer et de discuter de votre projet de cuisine.<\/span><\/p>\t\t\t\t\t\t\t\t<\/div>\n\t\t\t\t<\/div>\n\t\t\t\t<div class=\"elementor-element elementor-element-b4ba66a premium-lq__none elementor-widget elementor-widget-premium-addon-button\" data-id=\"b4ba66a\" data-element_type=\"widget\" data-widget_type=\"premium-addon-button.default\">\n\t\t\t\t<div class=\"elementor-widget-container\">\n\t\t\t\t\t\n\n\t\t<a class=\"premium-button premium-button-none premium-btn-lg premium-button-none\" href=\"https:\/\/azurix.fr\/cuisine\/contact\/\">\n\t\t\t<div class=\"premium-button-text-icon-wrapper\">\n\t\t\t\t\n\t\t\t\t\t\t\t\t\t\t\t\t\t\t\t\t\t\t<i aria-hidden=\"true\" class=\"premium-drawable-icon premium-svg-nodraw lnr lnr-arrow-right\"><\/i>\t\t\t\t\t\t\t\t\t\t\t\t\t\t\t\n\t\t\t\t\t\t\t\t\t<span >\n\t\t\t\t\t\tNous contacter\t\t\t\t\t<\/span>\n\t\t\t\t\t\t\t<\/div>\n\n\t\t\t\n\t\t\t\n\t\t\t\n\t\t<\/a>\n\n\n\t\t\t\t\t\t<\/div>\n\t\t\t\t<\/div>\n\t\t\t\t<div class=\"elementor-element elementor-element-01e2f18 elementor-widget elementor-widget-spacer\" data-id=\"01e2f18\" data-element_type=\"widget\" data-widget_type=\"spacer.default\">\n\t\t\t\t<div class=\"elementor-widget-container\">\n\t\t\t\t\t\t\t<div class=\"elementor-spacer\">\n\t\t\t<div class=\"elementor-spacer-inner\"><\/div>\n\t\t<\/div>\n\t\t\t\t\t\t<\/div>\n\t\t\t\t<\/div>\n\t\t\t\t\t<\/div>\n\t\t\t\t<\/div>\n\t\t\t\t<\/div>\n\t\t<div class=\"elementor-element elementor-element-929f77f e-con-full elementor-hidden-mobile elementor-hidden-tablet e-flex e-con e-child\" data-id=\"929f77f\" data-element_type=\"container\">\n\t\t<div class=\"elementor-element elementor-element-f445a3a e-con-full elementor-hidden-tablet elementor-hidden-mobile e-flex e-con e-child\" data-id=\"f445a3a\" data-element_type=\"container\">\n\t\t\t\t<div class=\"elementor-element elementor-element-f073f72 elementor-widget elementor-widget-image\" data-id=\"f073f72\" data-element_type=\"widget\" data-widget_type=\"image.default\">\n\t\t\t\t<div class=\"elementor-widget-container\">\n\t\t\t\t\t\t\t\t\t\t\t\t\t\t\t<img decoding=\"async\" src=\"http:\/\/azurix.fr\/cuisine\/wp-content\/uploads\/sites\/2\/2024\/08\/pexels-heyho-6301185-scaled.jpg\" title=\"\" alt=\"\" loading=\"lazy\" \/>\t\t\t\t\t\t\t\t\t\t\t\t\t\t\t<\/div>\n\t\t\t\t<\/div>\n\t\t\t\t<div class=\"elementor-element elementor-element-ea9abb6 elementor-widget elementor-widget-spacer\" data-id=\"ea9abb6\" data-element_type=\"widget\" data-widget_type=\"spacer.default\">\n\t\t\t\t<div class=\"elementor-widget-container\">\n\t\t\t\t\t\t\t<div class=\"elementor-spacer\">\n\t\t\t<div class=\"elementor-spacer-inner\"><\/div>\n\t\t<\/div>\n\t\t\t\t\t\t<\/div>\n\t\t\t\t<\/div>\n\t\t\t\t<div class=\"elementor-element elementor-element-f008828 elementor-widget elementor-widget-image\" data-id=\"f008828\" data-element_type=\"widget\" data-widget_type=\"image.default\">\n\t\t\t\t<div class=\"elementor-widget-container\">\n\t\t\t\t\t\t\t\t\t\t\t\t\t\t\t<img fetchpriority=\"high\" decoding=\"async\" width=\"1783\" height=\"2560\" src=\"https:\/\/azurix.fr\/cuisine\/wp-content\/uploads\/sites\/4\/2025\/05\/pexels-heyho-6508354-mod-scaled.webp\" class=\"attachment-full size-full wp-image-3341\" alt=\"\" srcset=\"https:\/\/azurix.fr\/cuisine\/wp-content\/uploads\/sites\/4\/2025\/05\/pexels-heyho-6508354-mod-scaled.webp 1783w, https:\/\/azurix.fr\/cuisine\/wp-content\/uploads\/sites\/4\/2025\/05\/pexels-heyho-6508354-mod-209x300.webp 209w, https:\/\/azurix.fr\/cuisine\/wp-content\/uploads\/sites\/4\/2025\/05\/pexels-heyho-6508354-mod-713x1024.webp 713w, https:\/\/azurix.fr\/cuisine\/wp-content\/uploads\/sites\/4\/2025\/05\/pexels-heyho-6508354-mod-768x1103.webp 768w, https:\/\/azurix.fr\/cuisine\/wp-content\/uploads\/sites\/4\/2025\/05\/pexels-heyho-6508354-mod-1070x1536.webp 1070w\" sizes=\"(max-width: 1783px) 100vw, 1783px\" \/>\t\t\t\t\t\t\t\t\t\t\t\t\t\t\t<\/div>\n\t\t\t\t<\/div>\n\t\t\t\t<\/div>\n\t\t\t\t<\/div>\n\t\t\t\t\t<\/div>\n\t\t\t\t<\/div>\n\t\t\t\t<\/div>\n\t\t","protected":false},"excerpt":{"rendered":"<p>Charte qualit\u00e9 Azurix pour la pose de votre cuisine Chez Azurix, la r\u00e9novation et la pose de votre cuisine \u00e0 Paris est synonyme de qualit\u00e9, d&rsquo;expertise et de s\u00e9r\u00e9nit\u00e9. Nous sommes conscients que votre cuisine est le c\u0153ur de votre maison, un lieu de vie et de partage. C&rsquo;est pourquoi nous mettons tout en \u0153uvre [&hellip;]<\/p>\n","protected":false},"author":1,"featured_media":0,"parent":0,"menu_order":0,"comment_status":"closed","ping_status":"closed","template":"","meta":{"footnotes":""},"class_list":["post-2127","page","type-page","status-publish","hentry"],"yoast_head":"<!-- This site is optimized with the Yoast SEO plugin v26.4 - https:\/\/yoast.com\/wordpress\/plugins\/seo\/ -->\n<title>Azurix - Experts en r\u00e9novation de cuisines \u00e0 Paris<\/title>\n<meta name=\"description\" content=\"Azurix, votre expert pour la pose de cuisine et la r\u00e9novation de votre cuisine \u00e0 Paris. D\u00e9couvrez nos engagements qualit\u00e9. Devis gratuit et personnalis\u00e9.\" \/>\n<meta name=\"robots\" content=\"index, follow, max-snippet:-1, max-image-preview:large, max-video-preview:-1\" \/>\n<link rel=\"canonical\" href=\"https:\/\/azurix.fr\/cuisine\/charte-qualite\/\" \/>\n<meta property=\"og:locale\" content=\"fr_FR\" \/>\n<meta property=\"og:type\" content=\"article\" \/>\n<meta property=\"og:title\" content=\"Azurix - Experts en r\u00e9novation de cuisines \u00e0 Paris\" \/>\n<meta property=\"og:description\" content=\"Azurix, votre expert pour la pose de cuisine et la r\u00e9novation de votre cuisine \u00e0 Paris. D\u00e9couvrez nos engagements qualit\u00e9. Devis gratuit et personnalis\u00e9.\" \/>\n<meta property=\"og:url\" content=\"https:\/\/azurix.fr\/cuisine\/charte-qualite\/\" \/>\n<meta property=\"og:site_name\" content=\"Azurix - Cuisines\" \/>\n<meta property=\"article:modified_time\" content=\"2025-05-07T15:47:15+00:00\" \/>\n<meta property=\"og:image\" content=\"http:\/\/azurix.fr\/cuisine\/wp-content\/uploads\/sites\/2\/2024\/08\/pexels-heyho-6301185-scaled.jpg\" \/>\n<meta name=\"twitter:card\" content=\"summary_large_image\" \/>\n<meta name=\"twitter:label1\" content=\"Dur\u00e9e de lecture estim\u00e9e\" \/>\n\t<meta name=\"twitter:data1\" content=\"3 minutes\" \/>\n<script type=\"application\/ld+json\" class=\"yoast-schema-graph\">{\"@context\":\"https:\/\/schema.org\",\"@graph\":[{\"@type\":\"WebPage\",\"@id\":\"https:\/\/azurix.fr\/cuisine\/charte-qualite\/\",\"url\":\"https:\/\/azurix.fr\/cuisine\/charte-qualite\/\",\"name\":\"Azurix - Experts en r\u00e9novation de cuisines \u00e0 Paris\",\"isPartOf\":{\"@id\":\"https:\/\/azurix.fr\/cuisine\/#website\"},\"primaryImageOfPage\":{\"@id\":\"https:\/\/azurix.fr\/cuisine\/charte-qualite\/#primaryimage\"},\"image\":{\"@id\":\"https:\/\/azurix.fr\/cuisine\/charte-qualite\/#primaryimage\"},\"thumbnailUrl\":\"http:\/\/azurix.fr\/cuisine\/wp-content\/uploads\/sites\/2\/2024\/08\/pexels-heyho-6301185-scaled.jpg\",\"datePublished\":\"2024-06-26T11:22:13+00:00\",\"dateModified\":\"2025-05-07T15:47:15+00:00\",\"description\":\"Azurix, votre expert pour la pose de cuisine et la r\u00e9novation de votre cuisine \u00e0 Paris. D\u00e9couvrez nos engagements qualit\u00e9. Devis gratuit et personnalis\u00e9.\",\"breadcrumb\":{\"@id\":\"https:\/\/azurix.fr\/cuisine\/charte-qualite\/#breadcrumb\"},\"inLanguage\":\"fr-FR\",\"potentialAction\":[{\"@type\":\"ReadAction\",\"target\":[\"https:\/\/azurix.fr\/cuisine\/charte-qualite\/\"]}]},{\"@type\":\"ImageObject\",\"inLanguage\":\"fr-FR\",\"@id\":\"https:\/\/azurix.fr\/cuisine\/charte-qualite\/#primaryimage\",\"url\":\"http:\/\/azurix.fr\/cuisine\/wp-content\/uploads\/sites\/2\/2024\/08\/pexels-heyho-6301185-scaled.jpg\",\"contentUrl\":\"http:\/\/azurix.fr\/cuisine\/wp-content\/uploads\/sites\/2\/2024\/08\/pexels-heyho-6301185-scaled.jpg\"},{\"@type\":\"BreadcrumbList\",\"@id\":\"https:\/\/azurix.fr\/cuisine\/charte-qualite\/#breadcrumb\",\"itemListElement\":[{\"@type\":\"ListItem\",\"position\":1,\"name\":\"Accueil\",\"item\":\"https:\/\/azurix.fr\/cuisine\/\"},{\"@type\":\"ListItem\",\"position\":2,\"name\":\"Charte qualit\u00e9\"}]},{\"@type\":\"WebSite\",\"@id\":\"https:\/\/azurix.fr\/cuisine\/#website\",\"url\":\"https:\/\/azurix.fr\/cuisine\/\",\"name\":\"Azurix - Cuisines\",\"description\":\"\",\"publisher\":{\"@id\":\"https:\/\/azurix.fr\/cuisine\/#organization\"},\"potentialAction\":[{\"@type\":\"SearchAction\",\"target\":{\"@type\":\"EntryPoint\",\"urlTemplate\":\"https:\/\/azurix.fr\/cuisine\/?s={search_term_string}\"},\"query-input\":{\"@type\":\"PropertyValueSpecification\",\"valueRequired\":true,\"valueName\":\"search_term_string\"}}],\"inLanguage\":\"fr-FR\"},{\"@type\":\"Organization\",\"@id\":\"https:\/\/azurix.fr\/cuisine\/#organization\",\"name\":\"Azurix - Cuisines\",\"url\":\"https:\/\/azurix.fr\/cuisine\/\",\"logo\":{\"@type\":\"ImageObject\",\"inLanguage\":\"fr-FR\",\"@id\":\"https:\/\/azurix.fr\/cuisine\/#\/schema\/logo\/image\/\",\"url\":\"https:\/\/azurix.fr\/cuisine\/wp-content\/uploads\/sites\/4\/2024\/07\/AZURIX_LOGOTYPE-SECONDAIRE_BLANC.png\",\"contentUrl\":\"https:\/\/azurix.fr\/cuisine\/wp-content\/uploads\/sites\/4\/2024\/07\/AZURIX_LOGOTYPE-SECONDAIRE_BLANC.png\",\"width\":688,\"height\":530,\"caption\":\"Azurix - Cuisines\"},\"image\":{\"@id\":\"https:\/\/azurix.fr\/cuisine\/#\/schema\/logo\/image\/\"}}]}<\/script>\n<!-- \/ Yoast SEO plugin. -->","yoast_head_json":{"title":"Azurix - Experts en r\u00e9novation de cuisines \u00e0 Paris","description":"Azurix, votre expert pour la pose de cuisine et la r\u00e9novation de votre cuisine \u00e0 Paris. D\u00e9couvrez nos engagements qualit\u00e9. Devis gratuit et personnalis\u00e9.","robots":{"index":"index","follow":"follow","max-snippet":"max-snippet:-1","max-image-preview":"max-image-preview:large","max-video-preview":"max-video-preview:-1"},"canonical":"https:\/\/azurix.fr\/cuisine\/charte-qualite\/","og_locale":"fr_FR","og_type":"article","og_title":"Azurix - Experts en r\u00e9novation de cuisines \u00e0 Paris","og_description":"Azurix, votre expert pour la pose de cuisine et la r\u00e9novation de votre cuisine \u00e0 Paris. D\u00e9couvrez nos engagements qualit\u00e9. Devis gratuit et personnalis\u00e9.","og_url":"https:\/\/azurix.fr\/cuisine\/charte-qualite\/","og_site_name":"Azurix - Cuisines","article_modified_time":"2025-05-07T15:47:15+00:00","og_image":[{"url":"http:\/\/azurix.fr\/cuisine\/wp-content\/uploads\/sites\/2\/2024\/08\/pexels-heyho-6301185-scaled.jpg","type":"","width":"","height":""}],"twitter_card":"summary_large_image","twitter_misc":{"Dur\u00e9e de lecture estim\u00e9e":"3 minutes"},"schema":{"@context":"https:\/\/schema.org","@graph":[{"@type":"WebPage","@id":"https:\/\/azurix.fr\/cuisine\/charte-qualite\/","url":"https:\/\/azurix.fr\/cuisine\/charte-qualite\/","name":"Azurix - Experts en r\u00e9novation de cuisines \u00e0 Paris","isPartOf":{"@id":"https:\/\/azurix.fr\/cuisine\/#website"},"primaryImageOfPage":{"@id":"https:\/\/azurix.fr\/cuisine\/charte-qualite\/#primaryimage"},"image":{"@id":"https:\/\/azurix.fr\/cuisine\/charte-qualite\/#primaryimage"},"thumbnailUrl":"http:\/\/azurix.fr\/cuisine\/wp-content\/uploads\/sites\/2\/2024\/08\/pexels-heyho-6301185-scaled.jpg","datePublished":"2024-06-26T11:22:13+00:00","dateModified":"2025-05-07T15:47:15+00:00","description":"Azurix, votre expert pour la pose de cuisine et la r\u00e9novation de votre cuisine \u00e0 Paris. D\u00e9couvrez nos engagements qualit\u00e9. Devis gratuit et personnalis\u00e9.","breadcrumb":{"@id":"https:\/\/azurix.fr\/cuisine\/charte-qualite\/#breadcrumb"},"inLanguage":"fr-FR","potentialAction":[{"@type":"ReadAction","target":["https:\/\/azurix.fr\/cuisine\/charte-qualite\/"]}]},{"@type":"ImageObject","inLanguage":"fr-FR","@id":"https:\/\/azurix.fr\/cuisine\/charte-qualite\/#primaryimage","url":"http:\/\/azurix.fr\/cuisine\/wp-content\/uploads\/sites\/2\/2024\/08\/pexels-heyho-6301185-scaled.jpg","contentUrl":"http:\/\/azurix.fr\/cuisine\/wp-content\/uploads\/sites\/2\/2024\/08\/pexels-heyho-6301185-scaled.jpg"},{"@type":"BreadcrumbList","@id":"https:\/\/azurix.fr\/cuisine\/charte-qualite\/#breadcrumb","itemListElement":[{"@type":"ListItem","position":1,"name":"Accueil","item":"https:\/\/azurix.fr\/cuisine\/"},{"@type":"ListItem","position":2,"name":"Charte qualit\u00e9"}]},{"@type":"WebSite","@id":"https:\/\/azurix.fr\/cuisine\/#website","url":"https:\/\/azurix.fr\/cuisine\/","name":"Azurix - Cuisines","description":"","publisher":{"@id":"https:\/\/azurix.fr\/cuisine\/#organization"},"potentialAction":[{"@type":"SearchAction","target":{"@type":"EntryPoint","urlTemplate":"https:\/\/azurix.fr\/cuisine\/?s={search_term_string}"},"query-input":{"@type":"PropertyValueSpecification","valueRequired":true,"valueName":"search_term_string"}}],"inLanguage":"fr-FR"},{"@type":"Organization","@id":"https:\/\/azurix.fr\/cuisine\/#organization","name":"Azurix - Cuisines","url":"https:\/\/azurix.fr\/cuisine\/","logo":{"@type":"ImageObject","inLanguage":"fr-FR","@id":"https:\/\/azurix.fr\/cuisine\/#\/schema\/logo\/image\/","url":"https:\/\/azurix.fr\/cuisine\/wp-content\/uploads\/sites\/4\/2024\/07\/AZURIX_LOGOTYPE-SECONDAIRE_BLANC.png","contentUrl":"https:\/\/azurix.fr\/cuisine\/wp-content\/uploads\/sites\/4\/2024\/07\/AZURIX_LOGOTYPE-SECONDAIRE_BLANC.png","width":688,"height":530,"caption":"Azurix - Cuisines"},"image":{"@id":"https:\/\/azurix.fr\/cuisine\/#\/schema\/logo\/image\/"}}]}},"_links":{"self":[{"href":"https:\/\/azurix.fr\/cuisine\/wp-json\/wp\/v2\/pages\/2127","targetHints":{"allow":["GET"]}}],"collection":[{"href":"https:\/\/azurix.fr\/cuisine\/wp-json\/wp\/v2\/pages"}],"about":[{"href":"https:\/\/azurix.fr\/cuisine\/wp-json\/wp\/v2\/types\/page"}],"author":[{"embeddable":true,"href":"https:\/\/azurix.fr\/cuisine\/wp-json\/wp\/v2\/users\/1"}],"replies":[{"embeddable":true,"href":"https:\/\/azurix.fr\/cuisine\/wp-json\/wp\/v2\/comments?post=2127"}],"version-history":[{"count":15,"href":"https:\/\/azurix.fr\/cuisine\/wp-json\/wp\/v2\/pages\/2127\/revisions"}],"predecessor-version":[{"id":3390,"href":"https:\/\/azurix.fr\/cuisine\/wp-json\/wp\/v2\/pages\/2127\/revisions\/3390"}],"wp:attachment":[{"href":"https:\/\/azurix.fr\/cuisine\/wp-json\/wp\/v2\/media?parent=2127"}],"curies":[{"name":"wp","href":"https:\/\/api.w.org\/{rel}","templated":true}]}}